- 270. What are the prime factors of i?
2, 5, 41
Suppose -90 = 11*u - 640. List the prime factors of u.
2, 5
Let h(z) = -z**3 + 13*z**2 + 29*z - 44. List the prime factors of h(10).
2, 3, 7, 13
Suppose 41*t = 43*t - 10. Suppose -241 = -2*y + t*b, 5 = 5*b - 0*b. What are the prime factors of y?
3, 41
Suppose -14*o - 17*o = -15469. What are the prime factors of o?
499
Suppose 20*u - 52*u = -8832. List the prime factors of u.
2, 3, 23
Let d(r) = -2*r**2 - 58*r - 57. What are the prime factors of d(-24)?
3, 61
Let i(k) = -k**2 + 8*k + 11. Let m be i(9). Let g = -13 + 19. Suppose -50 = -m*u + 2*y, 0 = 5*y - g*y. What are the prime factors of u?
5
Let x(m) = 7*m**2 + 3*m. Let y be x(-3). Let g(t) = -36*t + 1. Let b be g(-1). Let u = y - b. List the prime factors of u.
17
Suppose 3*j + 18 = 7*j - 2*p, -3*j = -2*p - 12. Let t = -7 + 11. Suppose c = -3*q + j, 0*q + q = t*c - 63. What are the prime factors of c?
3, 5
Let a be (4 + -6)*(0 - 1). Suppose 0 = p - 3 - 0. Suppose p*g = -a + 47. List the prime factors of g.
3, 5
Let l(g) = 17*g**2 - 3*g - 13. Let z be l(6). Suppose 0 = -f - 4*w + 90, 4*f - z = -4*w - 173. What are the prime factors of f?
2, 53
Suppose -5*m - 3*w = -273 - 109, 0 = 3*m + 3*w - 234. List the prime factors of m.
2, 37
Suppose -4*f + 1100 + 316 = 0. Suppose 3*z + f = 9*z. Suppose 27 = 2*b - z. List the prime factors of b.
43
Suppose 5*f + 15 = -5*h, 0 = -3*f - 0*f - 5*h - 15. Suppose v + 1 = 6. Suppose f = -5*q + 4*u + 32, -3*u = v*q - 6*q + 2. List the prime factors of q.
2
Suppose 9*g - 5173 - 281 = 0. List the prime factors of g.
2, 3, 101
Let g be (-11968)/(-14) + (-3)/(-21). Suppose 0*p = 9*p - g. List the prime factors of p.
5, 19
Suppose 0 = 5*m - 4*h - 5290, -2*m - 2*h + 1187 = -947. What are the prime factors of m?
2, 3, 59
Let d = 1946 + -706. List the prime factors of d.
2, 5, 31
Let m(b) = 2*b**2 - 20*b + 269. What are the prime factors of m(14)?
3, 127
Suppose -3*x + 12535 - 3340 = 0. List the prime factors of x.
5, 613
Let h(b) = 3*b - 5*b**2 + 4 + 6*b**2 - 16 + b. List the prime factors of h(-7).
3
Let z = -69 - -69. Suppose z = -5*u + 4*u + 198. What are the prime factors of u?
2, 3, 11
Let s(v) = -88*v**3 + 5*v + 4. Let z(k) = -88*k**3 - k**2 + 6*k + 5. Let p(u) = 3*s(u) - 2*z(u). List the prime factors of p(-1).
89
Suppose 0 = 453*l - 447*l - 8814. What are the prime factors of l?
13, 113
Let c = 1652 - -1401. List the prime factors of c.
43, 71
Let o(b) = -b + 21. Let p be o(-9). Let j = p + -4. Suppose -5*y = -d + 5*d - 131, 0 = d - y - j. What are the prime factors of d?
29
Let i be (-2)/(-1) + 14 + 1 + -2. Let r be (-2)/(-4) + 33/6. What are the prime factors of 295/i - (-2)/r?
2, 5
Let p = 1868 - 1800. Suppose -3*b = -8 + 2. Suppose -4*w + p = -b*w. What are the prime factors of w?
2, 17
Suppose 0 = -11*t + 6*t + 3550. What are the prime factors of t?
2, 5, 71
Suppose -107*c + 109*c - 3104 = 0. List the prime factors of c.
2, 97
What are the prime factors of (4/10)/(2/2230)?
2, 223
Suppose 4*g + 1 = 13. Suppose -5*a + 57 = -2*a - g*i, 0 = -2*a + 3*i + 43. List the prime factors of a.
2, 7
Suppose x = 3*s - 0*s - 1224, -416 = -s + 3*x. List the prime factors of s.
11, 37
Let d = 2850 + -1542. Suppose -6*l - 306 = -d. List the prime factors of l.
167
Suppose -4*q - 8 = 0, -2*r - 3*q - 10 = -0*r. Let f = 9 + r. Suppose -10*o + f*o + 54 = 0. What are the prime factors of o?
2, 3
Let o(y) = y**3 + 10*y**2 + 7*y + 11. Let d(k) = -3*k + 3. Let i be d(-6). Suppose -3*l - i = -2*v, -5*v = l - 0*v + 24. What are the prime factors of o(l)?
29
Suppose 2*i = -2*i + 4680. Suppose -28*c = -34*c + i. What are the prime factors of c?
3, 5, 13
Suppose 4348 = -9*y + 14329. What are the prime factors of y?
1109
Suppose 4*u + 78 - 16 = t, -4*t + 200 = -4*u. Suppose -5*x = -5 - 10. List the prime factors of t/4 - x/(-2).
13
Suppose 0 = -1196*v + 1200*v - 7000. What are the prime factors of v?
2, 5, 7
Suppose 5*w - 4*x = 13, -2*w + 3*x + x = 2. Suppose 4*c - 12 = -3*d + 3, 0 = -w*d + c + 25. Suppose -3*y - 36 = -d*y. List the prime factors of y.
2, 3
List the prime factors of (75/4)/5*(54 + 10).
2, 3, 5
Let b(f) = f**3 + f**2 + 2*f - 2. Let n be b(3). Let m(s) = -s**3 + 10*s**2 - 8*s + 7. Let o be m(9). Let z = n - o. List the prime factors of z.
2, 3
Suppose -4*x - 18 = 5*x. What are the prime factors of (x - 148)/(6/(-12) + -1)?
2, 5
Suppose -z - 99 = 5*n, n + z + 15 = -4. Let m = -11 - n. List the prime factors of m.
3
Suppose 5*o + 4 = -226. Let l(w) = 14*w + 11. Let k be l(-8). Let n = o - k. List the prime factors of n.
5, 11
Suppose 2*o = -3*o - 30. What are the prime factors of (-3)/2 + (-141)/o + -5?
17
Let r be -3 - ((-53 - 0) + 2). Let s = r - -11. What are the prime factors of s?
59
Let b = 76 + -51. Suppose s - b = 6*s. Let l = s + 18. List the prime factors of l.
13
Let q(n) = 31*n**2 - n + 7. List the prime factors of q(4).
499
Suppose 5*q - 2098 = q + 2*m, 1546 = 3*q + 4*m. List the prime factors of q.
2, 3, 29
Suppose 0 = 213*h - 216*h + 1506. What are the prime factors of h?
2, 251
Let z(a) = -3*a + 6. Let q be z(-4). Suppose 3*n = -2*l + l - q, -3*n - 30 = 5*l. Let g = 27 + l. What are the prime factors of g?
2, 3
Suppose -2*n + 3*r + 25 = 0, -3*n + 5*r = -8*n + 125. Let d be 48/n - 2/5. Let v(y) = y**3 + 1. List the prime factors of v(d).
3
Let y(z) = -56 + 6*z + 56. Let g be y(6). Let c = g + -8. List the prime factors of c.
2, 7
Let b(p) = -69*p**2 + 3*p + 10. Let u be b(-8). What are the prime factors of (-4)/34 - u/85?
2, 13
Let p(r) = -r**2 + 12*r - 11. Let q be p(9). Suppose 0 = -0*l - 4*l + q. List the prime factors of 2*l*(-68)/(-16).
2, 17
Let n(r) = r**3 + 6*r**2 + 14. Suppose -6*v - 24 = 12. List the prime factors of n(v).
2, 7
Let w = 366 + -257. Suppose v = -3*d + 277, 3*v = -d + 6*v + w. What are the prime factors of d?
2, 47
Let n(t) = -1. Let r(d) = 85*d + 8. Let j(g) = 4*n(g) + r(g). What are the prime factors of j(1)?
89
Suppose -2*s = z - 1019, -s = -z - 0*z + 1022. List the prime factors of z.
1021
Suppose 0*i + 35*i - 46935 = 0. List the prime factors of i.
3, 149
Suppose 5*b = 5*q + 20620, -4*b + 36*q = 40*q - 16496. List the prime factors of b.
2, 1031
Let w be (-14)/(-21) - 1/(-3). What are the prime factors of (23/w)/((-5)/2 - -3)?
2, 23
Let x be 0/(-2) + (7 - -1). Suppose -6*z + 5*z + 8 = 3*w, -5*w - 3*z = -x. Suppose 1 + 27 = w*c. What are the prime factors of c?
7
Let a be (5/(-10))/((-2)/12). Suppose t - 2*g - 518 = -4*t, 2*t - 4*g = 204. Suppose 4*l = -a*f + t, 134 + 49 = 5*f - 3*l. What are the prime factors of f?
2, 3
Suppose -2*a + 16 = j, -a - 44 = -4*j - 4*a. Let b be (-10)/70 + 40/(-14). What are the prime factors of (j/24)/(b/(-459))?
3, 17
Let b = -233 + 390. What are the prime factors of b?
157
Let y = -265 - -131. Let k = y + 269. List the prime factors of k.
3, 5
Let y = -1172 + 1583. What are the prime factors of y?
3, 137
What are the prime factors of 159978/350 + (-8)/100?
457
Let f(h) = h + 1. Let u be f(0). Let c(m) = 10*m**2 - 3*m**2 + 76 - 77. List the prime factors of c(u).
2, 3
Suppose 3*y - 3 = -3*r, -2*y - 4*r = -3*y - 19. List the prime factors of 211 - ((-6)/y - 1).
2, 3, 5, 7
Let f(s) = 143*s + 121. List the prime factors of f(9).
2, 11
Let t(f) = 3*f**3 + 1. Let y be t(1). What are the prime factors of (-1)/((y/118)/(-2))?
59
Suppose -3*y = 40 - 46. Suppose 4 = -4*x, 0*p = -y*p + 3*x + 341. What are the prime factors of p?
13
Suppose 6*x - 3582 = -3*x. What are the prime factors of x?
2, 199
Suppose o = 2*s - 8, 2*s + 0*o - 4 = 3*o. Suppose b = -5*q + s*b + 248, q + b = 55. List the prime factors of q.
2, 13
Suppose 14 = u + 56. Let h = u + 63. What are the prime factors of h?
3, 7
Let t(d) = 3*d**2 + 2*d - 1. Let y be t(-3). Suppose -12*r - 664 = -y*r. List the prime factors of r.
83
Let p(q) = q**3 - 5*q**2 - 2*q - 6. Let h be p(7). Let c be (-12)/3 - h - 1. Let y = c - -132. What are the prime factors of y?
7
Let i(s) = s**2 - 9*s + 16. Let x be i(7). Let f be 2/x - (3 + 70). Let d = -45 - f. What are the prime factors of d?
3
Suppose -17*o + 2148 = -9276. What are the prime factors of o?
2, 3, 7
Suppose -2*o - 146 = f + 2*o, 3*o = -5*f - 696. Let m = f - -349. List the prime factors of m.
211
Let p(s) = 11 - 52*s - 45*s + 105*s. List the prime fact